-9 + 2 + 14 + 8 + -22?
-16
What is (128 - (-23 - (-17 + -18 + -13))) + 10?
113
(-13 + (-12 - 0) - (0 - (-1 - -1))) + -8
-33
What is the value of 49 + -51 + 8 + 87 + -12?
81
Evaluate 55 + -79 - (16 + -51).
11
Calculate (-2 - -2) + 4 - (65 - (56 + -52)).
-57
Calculate -111 + -22 + 70 + (-18 - (-3 + 6)).
-84
1 + -5 + (-85 - -4) - (38 + 0 + -50)
-73
Calculate 10 + -1 + (-19 - (9 + -7 + -57)).
45
What is the value of 3 + -2 + -21 - (14 - (14 + 5))?
-15
What is the value of (14 - 26) + 11 - ((2 - -4) + -3 - -32)?
-36
What is -17 + 7 - (10 + -24) - 0 - (35 + 11)?
-42
Evaluate 3 + 9 - (318 - 270).
-36
Evaluate (-15 + (1 - (15 - 18)) - -7) + (50 - 2).
44
What is the value of 2 - 25 - (36 + -181 + 28)?
94
What is 0 + -122 - (4088 + -4163)?
-47
What is 54 + 0 + 1 - ((12 - 32) + 27)?
48
What is (0 + (4 - 2) - (-103 - (-68 - -10))) + -11?
36
Evaluate (79 - 0) + (-2 - (16 + -1)) - (11 + 0).
51
Evaluate 65 + (41 - 36) + -35.
35
What is the value of (1 - (3 - 0)) + (17 + -13 - (155 + -76))?
-77
Evaluate -45 + (7 + 50 - (33 - 3)).
-18
Evaluate (89 - 50) + -20 + 0 + -9 - 2.
8
What is 5 - (-180 + 162 + -2 + 19) - (-3 - -93)?
-84
34 + 23 + (8 - 28) - -21
58
What is the value of (-1 - -16) + (-317 - -319) + -54?
-37
Calculate 34 + (-6 + (-7 - -2) - (22 - 32)).
33
Evaluate 4 - (28 + -4 + -7).
-13
Calculate 7 - (-7 - (13 - 16)) - 43.
-32
What is the value of (47 - 5) + 2 - (12 + -22 - -7 - 8)?
55
Evaluate -25 + 51 - (-2 - (5 + -4 + 9)).
38
Evaluate (-2 - 2 - 3) + 9 + (55 - -1 - -1).
59
Calculate -14 + (-4 - 79) + -20 - 14 - -13.
-118
18 - (43 + -12) - (5 - 50)
32
Evaluate (-22 - 1) + 18 + -23 + -13.
-41
-39 + (-1 + 16 - (65 + -44 + -6 + -5))
-34
32 - (39 - (-35 + 39 + 21))
18
Evaluate 117 + 19 + (47 - 31) + -48.
104
Evaluate 116 + (-8 - 7) - (50 + -21).
72
Calculate -60 + 35 + 36 + -15 + -20.
-24
Calculate (-10 - (15 + -19)) + 11 + -2 - (1 + -48).
50
What is the value of 1 - ((3 - (5 + -1)) + (-2 - -11))?
-7
Evaluate -20 + 0 - (-38 + (-47 - -34)).
31
Calculate 24 - (-124 + 66) - 78.
4
(-8 - 57 - -74) + (-2 + -1 - (-2 + 34))
-26
What is the value of 6 - (12 - 15) - -1 - 13?
-3
What is 5 - 29 - (-19 - -12) - 0?
-17
0 + (-6 - 2) - (16 + 44 - 84)
16
What is (23 - 42) + -13 - -19 - (-3 - (44 - -1))?
35
Evaluate -84 - (-9 + 1 + 0 - ((-6 - 27) + 23)).
-86
Evaluate (-10 - (5 - 5)) + 3 + 82 + -25 + -5.
45
-124 - -29 - -25 - 7
-77
Evaluate -621 + 749 - (74 + 1).
53
What is the value of (-56 - -16 - -127) + -45?
42
What is -4 + 39 + (27 - 42)?
20
Evaluate (4 - 30) + (61 - (77 + -145)).
103
What is the value of 17 - (-4 - -32 - 32) - (3 + -65)?
83
(1 - (12 - -1)) + (20 - -311 - 292)
27
Evaluate -26 + 15 + (-5 + 4 - -54).
42
Calculate (-70 - -22) + 67 + -19 + -2 + 3 + 124.
125
What is the value of 4 - (-10 + (91 - (18 + -27)))?
-86
Evaluate -27 + (60 - 26) + 39 + -5.
41
Calculate 54 - (109 + -42 + 1).
-14
Calculate -70 + 6 + (1 - (-15 + -7)).
-41
What is the value of (7 - 8) + (-1 - -2) - (-46 - -14 - -78)?
-46
Calculate (33 - -2) + (69 - 166 - -83).
21
What is the value of -120 + (77 - 47 - (8 + 23))?
-121
Evaluate (27 + -38 - -20) + 41 + -7.
43
What is the value of -47 - (12 + -31 + -11)?
-17
(81 - 57) + -61 - -85
48
What is 34 + -18 + 26 + -22 + -15?
5
Evaluate 45 - (-29 + 89) - (4 + -16 + -106).
103
11 - (-6 - (9 + -20 - (51 + -6)))
-39
What is the value of 15 + -79 + 26 - 6 - 39?
-83
Calculate 5 + (-1 - 2) + 1 - (91 + -29 + 51).
-110
-14 + -2 + 0 + (238 - (179 + 101))
-58
What is the value of -26 + (7 - (-3 - 16 - -22))?
-22
Calculate (2 + -3 + 1 + -6 - 5) + (-2 - -57).
44
What is the value of 156 + -142 - (-7 + 57)?
-36
Evaluate -1 + 4 + -8 - (20 - 32) - (-6 + -1).
14
Calculate (10 + 23 + -12 + -18 + -3 - 10) + 35.
25
What is the value of 1 + (5 + (-7 - 4) - -17) - 48?
-36
Evaluate (5 - (-6 - -4)) + (-22 - -7) + -1 - 1.
-10
Evaluate 11 + (2 - -1 - -24) + 21.
59
What is the value of -78 + 99 - (-1 - (10 + 25))?
57
11 + -2 + (-8 - (17 + -35 + 10)) + 35
44
Calculate 22 + (-4 - (10 + (-7 + 13 - 27))).
29
-2 + 78 + -33 + -44
-1
Calculate (-29 + 17 - 0) + 49.
37
Evaluate -35 - (59 + 66 - 243).
83
What is 1 + 9 + -1 - (-36 - -29)?
16
-48 + 67 + -35 + 1
-15
Evaluate (14 - 0) + (6 - 9 - 20) + -14.
-23
Calculate 2 + -3 + 3 + 2 + (66 - (-28 + 45)).
53
Calculate (-70 - -42) + 39 + -20 - (1 + -2 - 73).
65
-354 + 348 + (-2 - -32)
24
Calculate (23 - (20 - -32)) + -1 + 0.
-30
What is 27 + (-139 - -140) + (2 - 0 - -2)?
32
What is -13 + (37 - (41 - 24) - (13 - 2)) + 15?
11
Evaluate (5 - (-11 + 18 - -55)) + (7 - 4) + 10.
-44
What is the value of -62 - ((34 - 34) + -49)?
-13
-5 + 65 - 42 - (1 + 3)
14
Evaluate -10 - (-65 + 31 + -20 - -8).
36
What is (-64 - -8) + (0 - -11 - -12)?
-33
Calculate (-49 - -13) + (20 + -70 - 16).
-102
What is 10 - (-98 - 10) - (-33 - -16 - -3)?
132
Evaluate -2 + 13 + 0 - (8 - (10 - 30)).
-17
What is the value of -155 + 126 + 25 + 11?
7
What is 53 - (57 + 29 + -26)?
-7
Calculate -290 + 258 + (-16 - -76).
28
Evaluate 14 - (17 + 15 + -44 - 18).
44
Calculate -1 - 75 - (-56 - (11 + (54 - 105))).
-60
72 + (-4 - -1 - (-19 - (17 + -17)) - 10)
78
Calculate -9 - (-6 + (7 - 14 - -79 - (-6 - 8))).
-89
Evaluate 11 + -21 + (-13 - (15 - (18 + -7))).
-27
Evaluate 0 + (44 - (28 + 1 + -17 + -22)).
54
75 - (19 - (-8 + 27)) - (2 - -2 - -7)
64
What is (-9 - -2) + -75 + 23 - (6 + (26 - 45))?
-46
Calculate 31 + (-27 + 2 - (142 + -145)).
9
(373 + -363 - (-66 + -1)) + 3 + (0 - -1)
81
34 - 20 - 20 - 61 - (-6 + 2 - -11)
-74
Calculate -13 + -1 + 9 + (-92 - -91).
-6
What is -5 - (0 - (4 + -3)) - (-7497 - -7471)?
22
What is the value of 99 - 4 - (24 - (9 - (22 - 27)))?
85
5 + (-22 - (-3 - 25))
11
Evaluate -25 - (-62 + 12) - 32.
-7
What is -58 + 8 + (-9 - ((2 - -7) + -33))?
-35
21 + -12 + 0 - ((-2 - -8) + -5 - -64)
-56
30 - (-7 + 5 - -1) - 5 - (164 - 159)
21
What is the value of 14 + ((-17 - -13 - -8) + 6 - 83)?
-59
Evaluate (439 - 214) + -232 - ((3 - 2) + -84).
76
(3 - 1) + -2 + -2 + 128 + -75
51
Evaluate 7 - (-5 + 9 - ((-9 - -13) + -51 + -7)).
-51
What is 16 - (-15 + -52) - (-9 - (-1 + -21))?
70
(2 + 2 - 2) + 2 + 11 + -15 + -4
-4
Calculate 3 + (8 - 6) + (-143 + 27 - (-12 + 4)).
-103
What is -21 + -144 + 135 + -50?
-80
What is the value of (0 - (-1 - 1)) + 33 + 24 + -62 + 71?
68
Calculate 26 + 6 + -6 + -121 + 32.
-63
Calculate (277 - 287) + 11 + 0 + 3 - 6.
-2
What is -39 - (-48 - -63) - -47?
-7
Evaluate -8 - ((-9 - (-22 - (1 + -3))) + -9 + 12).
-22
-19 - (-20 - -29) - (-8 - -5) - -7
-18
(-257 - -247) + (-10 - 2) + 13
-9
What is the value of 50 + (2 + -42 - -38)?
48
Evaluate -22 + (75 - (-52 - -100)).
5
What is 247 + -2 + -7276 + 7140?
109
What is the value of (-14 - -29) + -23 - (59 - 29)?
-38
What is (1 - (-16 - 28)) + (-45 - -71)?
71
Evaluate 364 - 51 - 298 - (-15 - (0 - 0)).
30
Calculate 22 + 26 + -7 + -52.
-11
What is the value of (2 - 23) + (69 - 29) + -20 + (-15 - -3)?
-13
Evaluate (-9 + 62 - 65) + 28.
16
What is the value of 8 - -44 - (24 + (-9 - 3))?
40
-18 + 13 + (-22 - (9 - 15))
-21
Evaluate (-5 + -4 - -9 - 9) + 4 - -8.
3
0 + 50 - (25 - (-1 - -68) - -59)
33
What is the value of -3 - (22 + 0 - (-54 - 47))?
-126
What is the value of 145 - (-41 - (-134 - 16))?
36
Evaluate -26 + 0 + 0 - (104 - (11 - -78)).
-41
Calculate (3 + 18 - 14) + 42.
49
Calculate 51 + -2 + (382 - 430).
1
-29 + 10 + (29 - -27) + -2
35
What is -10 - ((-3 - (-1 + 2)) + -11 + (-9 - 26))?
40
(34 - 5) + (16 - (4 + 5))
36
What is the value of -44 - (151 - (74 - -29))?
-92
Calculate 58 + (71 - (96 - 57)).
90
(-15 - (-12 - (-24 - -14))) + (-3 + 7 - -100)
91
What is the value of 6 + -42 + (-36 - -18 - -15)?
-39
What is -6 + (2 - 5) - ((17 - 50) + 16 - -9)?
-1
Evaluate 6 + 25 + ((1 - -12) + -4 - 11).
29
What is the value of 1 + 49 + (-4180 - -4253)?
123
Evaluate 40 + (-49 - (66 - 148)).
73
107 + (-44 - (-39 + 50)) - (-1 + 1 + 0)
52
Calculate 132 - 0 - ((7 - -59) + -131 - -85).
112
Evaluate 51 - (-49 + 47 + -49).
102
What is the value of (-64 - -2) + (18153 - 18055)?
36
What is the value of -116 + (-56 - (-40 - 117))?
-15
Calculate (-48 - (-67 + -23)) + -22.
20
2 - (43 + 1 + (-24 - -17 - 0))
-35
Evaluate -11 + (10 + -26 - 2) + 4 + 4 + 0.
-21
What is -65 + -21 + 34 + 122?
70
What is the value of (-87 - -45) + 45 + -10?
-7
What is the value of 9 - 21 - ((-15 - -6) + -133 - 16) - 4?
142
Calculate (-67 + 11 - -7) + 40 + (0 - (93